 3, what is -222 - -20000021212021?
20000021211022
In base 10, what is -2830681 - 292?
-2830973
In base 14, what is 1b7b966 - -9?
1b7b971
In base 14, what is 7 - -7a0a25b?
7a0a264
In base 7, what is 6111514 + 123?
6111640
In base 11, what is -9585 - 43a82?
-52557
In base 3, what is -1211211 - 1011112012?
-1020101000
In base 5, what is -2 + 3123001344?
3123001342
In base 12, what is -15 - -118566?
118551
In base 5, what is 113420024123 - 4?
113420024114
In base 11, what is -5 - -126482654?
12648264a
In base 9, what is 86700856 - 3?
86700853
In base 10, what is -113272 - 504?
-113776
In base 4, what is 11 + 310132130111?
310132130122
In base 9, what is 2 - -1055714?
1055716
In base 4, what is 1033323 - -202003?
1301332
In base 5, what is -110 - -112140?
112030
In base 5, what is 33040 + -200143?
-112103
In base 10, what is 32 - -645432?
645464
In base 9, what is -5 + 5404763?
5404757
In base 16, what is -1ce557f - 0?
-1ce557f
In base 11, what is 525 - 18113?
-17699
In base 6, what is -31230101 + 242?
-31225415
In base 8, what is -140216562 + 2?
-140216560
In base 9, what is 83347 - -34?
83382
In base 13, what is 0 + 3c817a?
3c817a
In base 13, what is 8 - 39c7a6?
-39c79b
In base 6, what is -3 + -1054200?
-1054203
In base 7, what is -3365465 - -2?
-3365463
In base 3, what is -1002002 + -1210011?
-2212020
In base 7, what is -240665 + 15120?
-222545
In base 10, what is 46993652 + 8?
46993660
In base 9, what is 26 + -5401572?
-5401545
In base 9, what is -45477513 + 6?
-45477506
In base 4, what is -1 - 10012131001?
-10012131002
In base 10, what is 576 + 2800?
3376
In base 13, what is 17353 + -a32?
16621
In base 6, what is 100312320 + -11?
100312305
In base 8, what is 20374600 + 7?
20374607
In base 8, what is 3653243 + -62?
3653161
In base 2, what is 10110111011010000011001 + 1?
10110111011010000011010
In base 4, what is 303332 - -21130132?
22100130
In base 3, what is -1020112210001102 + -1?
-1020112210001110
In base 4, what is 222 + -131323301021?
-131323300133
In base 14, what is 7 + 2365?
236c
In base 5, what is -2 + 1340011022?
1340011020
In base 16, what is c263 + -7e2?
ba81
In base 6, what is 31 + 551010004?
551010035
In base 16, what is 72 - -368dc?
3694e
In base 6, what is 303004104 + 0?
303004104
In base 5, what is 43240430 + 1041?
43242021
In base 13, what is 75b782 + 3b?
75b7c0
In base 11, what is -14 + -44634?
-44648
In base 14, what is a56b6 - -a9?
a5781
In base 13, what is 1 - -2c0091?
2c0092
In base 4, what is -1 + -20221301332?
-20221301333
In base 13, what is 48161bc - 0?
48161bc
In base 6, what is 105324001 + 231?
105324232
In base 11, what is -1650a16 + -26?
-1650a41
In base 11, what is a9097 + 7a?
a9166
In base 2, what is -1100100000100111110001 + 11?
-1100100000100111101110
In base 10, what is 89216487 + -10?
89216477
In base 13, what is -11572 - 35c?
-11901
In base 13, what is -28394 - -23?
-28371
In base 7, what is -4 - -301515412?
301515405
In base 8, what is -1 + -327630?
-327631
In base 14, what is -761 + -22d?
-990
In base 7, what is 5 + 26403232?
26403240
In base 4, what is 21 - -2231212212?
2231212233
In base 4, what is -223313210 - -2303?
-223310301
In base 7, what is -6633302 + 245?
-6633024
In base 5, what is -124234333 + 23?
-124234310
In base 15, what is 6439c - -27?
643c4
In base 14, what is -14 - 19acacc?
-19acb02
In base 10, what is 2817 + 4455?
7272
In base 15, what is -7 + -91c0e6?
-91c0ed
In base 11, what is -174 - -66481?
66308
In base 16, what is -4 - -59ba9e5?
59ba9e1
In base 9, what is -130426371 - 0?
-130426371
In base 9, what is 271 + 41465?
41746
In base 3, what is 11121110011012 + -2?
11121110011010
In base 6, what is 12 + -410345114?
-410345102
In base 4, what is 1021111133 + 102?
1021111301
In base 7, what is 343 - 405521?
-405145
In base 12, what is 7689 + 260?
7929
In base 10, what is -6280 + 1984?
-4296
In base 5, what is 244 - 334214220?
-334213421
In base 15, what is -2 + 1915d353?
1915d351
In base 12, what is -1b3 + -606a3?
-60896
In base 14, what is -11b9 - -9099d?
8d7c4
In base 2, what is -101001111000 + -101100101111110?
-110001111110110
In base 13, what is -7ca2527 - -4?
-7ca2523
In base 6, what is -21105232505 + 3?
-21105232502
In base 3, what is -200212221202 - 1202?
-200220000111
In base 5, what is 301 + 2133020304?
2133021110
In base 5, what is -1 - 2430014413?
-2430014414
In base 6, what is -112450041 + 44?
-112445553
In base 9, what is -45 + 14122?
14066
In base 7, what is -1245105 - -501?
-1244304
In base 14, what is -25a1 - 1187?
-3748
In base 7, what is 6052302 - -3?
6052305
In base 10, what is -459598 + 9?
-459589
In base 12, what is -9 - 2061a19?
-2061a26
In base 13, what is 110a + 2c0b8?
301c5
In base 14, what is -2b9098 - 28?
-2b90c2
In base 16, what is c + 995fb?
99607
In base 2, what is 110101001010 - -11010110111?
1010000000001
In base 7, what is 660 + 2306331?
2310321
In base 14, what is -6c - 73d31?
-73d9d
In base 16, what is -2cd1 + -e99c?
-1166d
In base 7, what is 11130462 + 163?
11130655
In base 13, what is -16c1c59b5 - -2?
-16c1c59b3
In base 9, what is 378233 + 400?
378633
In base 6, what is 23 - -4135105050?
4135105113
In base 13, what is -158c383 + 5?
-158c37b
In base 12, what is 11849 - 216?
11633
In base 7, what is -12 - -40666003?
40665661
In base 2, what is -11111110010010001 + 1011101011?
-11111100110100110
In base 3, what is -10100110101 + 221212?
-10022111112
In base 8, what is -1366 + -10662?
-12250
In base 15, what is -d2c8ae + -1?
-d2c8b0
In base 8, what is -137 + 36423?
36264
In base 8, what is 4044 - -253?
4317
In base 8, what is 1035455663 - 3?
1035455660
In base 16, what is -1bd0 - 16e2?
-32b2
In base 12, what is 0 - 240104b?
-240104b
In base 9, what is -305037284 - 2?
-305037286
In base 16, what is -178 + 7181?
7009
In base 9, what is -41 + -48684?
-48735
In base 2, what is 10011001101001111 + -11001101?
10011001010000010
In base 11, what is -7a0024a - 5?
-7a00254
In base 10, what is -284 - 378307?
-378591
In base 5, what is -14210234 - 134?
-14210423
In base 5, what is 302 - -441001124?
441001431
In base 5, what is -322 + 2041111?
2040234
In base 7, what is -234205 - 11?
-234216
In base 7, what is 0 + 112252336?
112252336
In base 13, what is -117411 + 2c?
-1173b2
In base 10, what is 186403 + -86?
186317
In base 3, what is 10221101202 - -21200?
10221200102
In base 6, what is -14020511304 + -4?
-14020511312
In base 16, what is -83b66d6 - 0?
-83b66d6
In base 4, what is 1110310122 - -2?
1110310130
In base 7, what is -16 - -46012060?
46012041
In base 11, what is -89581359 - -3?
-89581356
In base 3, what is 10021101202201 - -120?
10021101210021
In base 8, what is -1 + -613114?
-613115
In base 3, what is -12102001201021220 - -12?
-12102001201021201
In base 9, what is 25818 - -165?
26084
In base 14, what is -2bc091 + -40?
-2bc0d1
In base 7, what is -6 - -104166015?
104166006
In base 2, what is 0 - -10011011101110000001100?
10011011101110000001100
In base 12, what is -40041559 + 5?
-40041554
In base 8, what is -5 + 326157027?
326157022
In base 6, what is 100215541153 + 0?
100215541153
In base 8, what is -273720 - -344?
-273354
In base 8, what is -15321663 - -3?
-15321660
In base 14, what is 142 - 3c8471?
-3c832d
In base 12, what is -1a386285 - -5?
-1a386280
In base 12, what is -30304 - -34?
-30290
In base 11, what is -3a06a05 + 1?
-3a06a04
In base 6, what is -1404 + -1513204?
-1515012
In base 2, what is 110110000 + 100100011100111?
100101010010111
In base 16, what is -74 + 19aa7a?
19aa06
In base 2, what is 10 - -11000001010011011100111?
11000001010011011101001
In base 8, what is -20 - -632672?
632652
In base 3, what is -2021110020111200 + -2?
-2021110020111202
In base 2, what is -10 + -101100000110111100110110?
-101100000110111100111000
In base 13, what is cb45c + 46?
cb4a5
In base 2, what is -11101 + -100010010100001101101011?
-100010010100001110001000
In base 10, what is -79 + 22643?
22564
In base 11, what is -1109 - -246?
-973
In base 14, what is -7 - 1132bb?
-1132c4
In base 7, what is 4 + 12203232?
12203236
In base 7, what is -2 + -52013666?
-52014001
In base 7, what is -14 - -1124412?
1124365
In base 12, what is -4a5 + -13547b?
-135964
In base 4, what is -3202020132 - -2?
-3202020130
In base 8, what is -3 - -25154323?
25154320
In base 7, what is 330033 